. Let p = m - o. List the prime factors of p.
2, 17
Let g(i) = 75*i + 17. Let y be g(3). Let v = -81 + y. What are the prime factors of v?
7, 23
List the prime factors of (-4)/((-6)/(-3)) - 326*-3.
2, 61
Suppose 0 = -2*p - 0*p. Suppose 17 = z + z - 3*g, p = 4*z - 2*g - 22. Suppose a - z = 19. List the prime factors of a.
23
Let c(h) be the third derivative of h**5/10 - h**4/12 - h**3/2 + 17*h**2. List the prime factors of c(-2).
5
Suppose 12*h = 13*h - 102. What are the prime factors of h?
2, 3, 17
Suppose -11*k + 9*k = -4966. What are the prime factors of k?
13, 191
Suppose 0 = -2*h - 6 + 48. Suppose -f - 4*m = h - 8, -4*m + 23 = -3*f. What are the prime factors of 45/12*(-48)/f?
2, 5
Let k = -54 - -54. Suppose 0 = f + f + 4*c - 130, k = 2*f + 3*c - 125. What are the prime factors of f?
5, 11
Let a(z) = -9*z - 14. Let b be (4/(-2) - 1)/((-21)/(-56)). What are the prime factors of a(b)?
2, 29
Let q(f) = 61*f - 38. List the prime factors of q(43).
5, 11, 47
List the prime factors of 4872/(-32)*((-400)/15)/5.
2, 7, 29
Let h(l) be the second derivative of l**5/20 - 3*l**4/4 + 5*l**2 - 2*l. Let r be h(9). Suppose -3*g - u + r = -5, -5 = -g + 5*u. List the prime factors of g.
5
Let g(c) be the first derivative of c**2 + 131*c + 8. Let h be g(0). Suppose -109 = -4*b + h. List the prime factors of b.
2, 3, 5
Suppose 2*q - 552 = 5*l, 4*q - 519 = 4*l + 561. Let z = q - 133. List the prime factors of z.
7, 19
Suppose 4*m - 4 - 12 = 0. Suppose -2*c - m + 10 = 0. Suppose -c*g + 2*q + 52 = 3, -4*g - 4*q = -92. What are the prime factors of g?
19
Suppose -1 = 2*z - 11. Let g(m) = m**2 - 20*m + 22. Let y be g(19). What are the prime factors of (z/4)/(y/12)?
5
Let u(n) = -17*n + 38. Let j be u(9). List the prime factors of (j/(-10) - -5)/((-1)/(-2)).
3, 11
Suppose 0 = 3*g - 3*p + 45, 2*g - p + 39 = 6. Let y = g + 24. Suppose -2*h - y = -26. List the prime factors of h.
2, 5
Let h be (4 - 3) + (-2 - 3). Let m(q) = 8*q**2 + 11*q + 8. List the prime factors of m(h).
2, 23
Let f = 5455 - 2241. What are the prime factors of f?
2, 1607
Let o(n) = -2*n**3 + 2*n**2 + 13*n + 10. List the prime factors of o(-5).
5, 7
Let q(b) = 3*b**2 - 3*b - 2. Let r be q(-1). Suppose 2*c - r = 3*c. List the prime factors of 0*c/(-12) - -24.
2, 3
Let i be (2*-2)/(-2) + (-7 - 6). Let n = 87 + i. What are the prime factors of n?
2, 19
Suppose 2*x - 32 = -3*z, 3*z - 3*x = -2*x + 38. Suppose -q - 5*j - z = -0*q, 3*q + j = 34. Let a = 22 - q. List the prime factors of a.
3
Let x(c) be the first derivative of c**4/4 - 5*c**3/6 - 2*c**2 + 6*c + 4. Let r(o) be the first derivative of x(o). What are the prime factors of r(-3)?
2, 19
Let l = 521 + -106. List the prime factors of l.
5, 83
Suppose 3635 = 5*l - n, -n = -3*l - 1120 + 3301. List the prime factors of l.
727
Let s(o) = 11*o + 60. List the prime factors of s(31).
401
Let x(m) be the third derivative of -7*m**4/24 - 2*m**3/3 - 18*m**2. What are the prime factors of x(-2)?
2, 5
Let m be 4*(-2 - -1)*15. Let z = m - -94. List the prime factors of z.
2, 17
Let s(f) = f**2 + 12*f + 10. Let c be s(-11). What are the prime factors of c/(((-6)/(-44))/(-3))?
2, 11
Let w(z) = z**2 - 6*z - 3. Let c be w(14). Let t = -74 + c. List the prime factors of t.
5, 7
Suppose 2*q + 6 = 6*k - 4*k, 5*q + 4*k + 6 = 0. Let l be 2/q - -4 - -50. Suppose y + 0*y = -2*n + l, -5*y = 3*n - 97. What are the prime factors of n?
2, 3
List the prime factors of 1 + (-2 - -10)/((-5)/(-1470)).
13, 181
Let x = 6 + -1. Let y be 345/6 + (-12)/(-24). Suppose 4*v = -2*z + 16, -x*z + 0*z + y = v. List the prime factors of z.
2, 3
Let t(h) = -68*h**3 - 2*h**2 - 5. Let d be t(4). What are the prime factors of (-2)/3 - d/63?
3, 23
Suppose -15 = -5*w, w = -3*i - 11 + 32. Suppose -1 = -c - i, -2*c + 198 = 4*j. What are the prime factors of j?
2, 13
Let i be -5*((-7)/5 + -3). Suppose 8*l + 6 = i. Suppose 0 = l*c - 15 - 21. List the prime factors of c.
2, 3
Let b(d) = 8*d**2 - 2*d + 2. Let w be b(1). List the prime factors of ((-10)/3)/(w/(-276)).
5, 23
Let h be (4/(-14))/(4/28). List the prime factors of (h/(-2))/((-6)/(-114)).
19
Suppose -n = -j - 285, -n + 2*j = -214 - 73. List the prime factors of n.
283
Let z = -30 - -28. Let o be (z - (2 - 4)) + 0. Suppose 23*u - 18*u - 270 = o. List the prime factors of u.
2, 3
Suppose -3*y + 1105 - 172 = 0. List the prime factors of y.
311
Let a(w) = -35*w - 2. Let r be -1 + -1 + 4 + -4. Let x be a(r). Suppose -i + x = i. What are the prime factors of i?
2, 17
Suppose 276*d - 283*d + 2471 = 0. List the prime factors of d.
353
Let x be 5/(-10) + (2/(-4) - -1). Suppose 3*j = z - 30, x = -4*z + 4*j - j + 147. List the prime factors of z.
3, 13
Suppose -6*f + 892 = -956. List the prime factors of f.
2, 7, 11
Let q(h) = h**2 + 4*h - 3. Let s be q(-6). Suppose 0 = -s*d + 4*d. Suppose d = -3*f + 7*f - 8. List the prime factors of f.
2
Let y(d) = -d**3 + 4*d**2 + 7 - 5*d - 3*d**2 - 10. Let l be y(-3). List the prime factors of l/(1/(8/12)).
2
Suppose -13 = 9*m + 4*m. Let n = m + 39. List the prime factors of n.
2, 19
Let j be (-2)/(5/(15/6)). Let k(s) = 2*s**3 + 2*s**2 + 2*s + 1. Let y be k(j). List the prime factors of -4*y/(-2) - -22.
2, 5
Let b(v) be the first derivative of -v**4/4 + 4*v**3/3 + v**2/2 - 4*v - 63. Let k(p) = 4*p - 1. Let x be k(1). List the prime factors of b(x).
2
Let w(k) = -k**2 + 13*k + 12. Let l(c) = 4*c**2 - 38*c - 37. Let j(p) = -2*l(p) - 7*w(p). List the prime factors of j(-7).
2, 23
Let h = 344 + -519. Let m = -99 - h. What are the prime factors of m?
2, 19
Suppose -4*r = -l - 21, -3*l + 4 = -4*r + 91. Let t = l + 60. What are the prime factors of t?
3
Let s = -11 + 14. Suppose -5*t = -4*n - 667, 681 = 5*t - 0*n + s*n. List the prime factors of t.
3, 5
Suppose 4*n + x = 1516, 0 = -5*n + 2*n + 5*x + 1160. What are the prime factors of n?
2, 5, 19
Suppose -2*g + 5 = -4*o + 3*g, -o - 4*g = -25. Suppose 3*h - 4*c - 223 = 0, -o*h - 3*c + 96 = -4*h. What are the prime factors of h?
3
Let d(a) = -3*a + 14. Let v be d(10). What are the prime factors of (30/(-4))/(2/v)?
2, 3, 5
Let q = -11 + 15. Let x be q/(-10) + (-801)/(-15). Let c = -31 + x. What are the prime factors of c?
2, 11
Let h be (1 + -1 - -3) + (-8)/4. Suppose n + 7 = -5*k - 7, 5*n - 2*k - 11 = 0. List the prime factors of h - (-15 + 0/n).
2
Suppose 0*d - 5*d + 20 = 0. Let p be (-3 - (-26)/(-2)) + d. Let j(u) = u**2 + 11*u + 8. What are the prime factors of j(p)?
2, 5
Suppose 4*i = -0*i - 4*s - 272, -4*s - 4 = 0. Let q = 129 + i. List the prime factors of q.
2, 31
Suppose -7*d - 2686 = -145. Let h = -205 - d. What are the prime factors of h?
2, 79
Let i(d) = 2*d**2 + 45*d - 143. What are the prime factors of i(17)?
2, 3, 5
Let f = -25 + 27. Suppose r + 2*x = 82, -f*r + 7*x - 2*x = -137. Let t = -51 + r. List the prime factors of t.
5
Suppose 2*r + l + 4*l - 27 = 0, 0 = -4*r - l + 9. List the prime factors of (-2 + r)*(-7 + 5).
2
Suppose -4*w - 4*s - 3 = 13, -s - 2 = -w. List the prime factors of 1 + w + (-48)/(12/(-4)).
2
Let v = 94 + -92. Suppose -5*f = v*d - 125, -d + 29 = -4*f - 1. What are the prime factors of d?
2, 5
Let u be 6/4 - 33/22. Suppose u = 4*l - 5*l + 23. What are the prime factors of l?
23
Suppose 6*v + 104 = 8*v. What are the prime factors of v?
2, 13
Let d = 93 + 113. What are the prime factors of d?
2, 103
Let n = 72 - 207. Let u = -75 - n. Suppose -10*v = -5*v - u. What are the prime factors of v?
2, 3
Suppose -5*g - 3*n + 511 = 0, -4*g + 4*n + 402 = 3*n. Suppose -4*q - 85 = -0*i + i, 4*i - g = 5*q. List the prime factors of (-8)/(-12)*q/(-2).
7
Suppose 2*k - 2444 = -2*u, -3*u - 946 - 256 = -k. What are the prime factors of k?
1217
Let p = 570 + -414. List the prime factors of p.
2, 3, 13
Suppose 27*k - 22*k = 2185. What are the prime factors of k?
19, 23
Suppose -105 = -8*k + 3*k. Let a = k - 33. List the prime factors of (-1 + 0)*(a + 1).
11
Let g be -1*(-4 - -6)*73. List the prime factors of 1 - (g + (-9)/(-6)*-2).
2, 3, 5
Let y = 37 + -33. Suppose y*h + 3*k - 177 = 28, -155 = -3*h - 2*k. What are the prime factors of h?
5, 11
Let x = 764 + -467. What are the prime factors of x?
3, 11
Suppose 3*q = -4*h + 1163, 0 = 3*q + 7*h - 4*h - 1158. What are the prime factors of q?
3, 127
Suppose 2*r = -4*t - 0*r + 98, -5*r = -5*t + 160. Suppose -5*m = -